ommon divisor of m and 32?
16
Suppose -4*q + 0*q + 36 = 0. Calculate the greatest common factor of 81 and q.
9
Suppose 108 = 2*w - 8*w. Let k = -15 - w. What is the highest common factor of k and 6?
3
Let g(x) = -3*x + x**3 - 11*x**2 + 16*x**2 - 4*x - 5. Let y be g(-5). What is the greatest common factor of y and 12?
6
Let u be 0*(-3)/12*2. Let v be u + (3 - (2 + -2)). Let q be (0 + -1)*(v - 8). What is the greatest common factor of 10 and q?
5
Let s(v) = -v**3 + 5*v**2 + v + 7. Let o be s(5). Let d be -2 - -4 - (-4)/1. Calculate the highest common factor of d and o.
6
Suppose -9*n + 45 = -4*n. Suppose -p = 3, -2*l + 3*p - n = -4*l. Let b(d) = d + 99. Let k be b(0). What is the greatest common factor of l and k?
9
Let g = -40 + 42. What is the greatest common factor of 22 and g?
2
Suppose 0*g - 5*t - 4 = 2*g, -t - 10 = 5*g. Let v be 386/8 + g/8. Calculate the greatest common divisor of 16 and v.
16
Let k be ((-234)/12)/((-6)/40). Let w(m) = -m**3 + 3*m**2 + 6*m + 5. Let r be w(4). What is the highest common divisor of k and r?
13
Let l be 4/(-5) - (-1)/(-5). Let n be 14 - (0 + l - -1). Suppose -3*c + 197 = -265. What is the highest common factor of c and n?
14
Suppose -5*b + 4*b = 2. Let d be (b - -3) + -1 - -4. Suppose 3*p + 2 = d*p. Calculate the greatest common factor of 5 and p.
1
Let q(w) = w**3 - 4*w**2 + w - 1. Let c be q(4). Suppose -i = -21 + c. Let p be 212/i - (-2)/9. Calculate the greatest common divisor of 2 and p.
2
Suppose 0 = y - 3*v + 19, 11 = -3*y + 4*v - 36. Suppose f + 62 = -2*j, -5*j + 6 = f + 155. Let u = y - j. Calculate the greatest common factor of u and 48.
16
Let d be (-693)/3 - 4/2. Let a be (-2)/(-7) - d/(-7). Let u be 6/a + 1146/11. Calculate the highest common divisor of u and 13.
13
Suppose -6*t = -2*t - 616. Let i(c) = 3*c - 1. Let f be i(5). What is the highest common divisor of f and t?
14
Let i = -4 - -4. Suppose 186 = -2*o + 5*x - 17, -3*o - x - 262 = i. Let g = o - -137. What is the highest common factor of g and 6?
6
Let r be 0 + 2/3 - 6312/(-36). Calculate the highest common divisor of r and 22.
22
Suppose -u + 3*u = 48. Calculate the highest common factor of 8 and u.
8
Suppose -137 = -4*g - 5*l - 25, 4*g - 84 = 2*l. Suppose 42 = 5*i - g. Calculate the highest common factor of 13 and i.
13
Let q = 38 + -34. Calculate the highest common factor of 32 and q.
4
Suppose 0 = -4*k + i + 34, -k = 2*i - 6 + 2. Let l = -54 - -110. What is the highest common divisor of k and l?
8
Let b = -313 + 443. Let n(g) = 3*g - 2. Let v be n(5). Calculate the highest common divisor of b and v.
13
Suppose 9*v - 180 = 4*v + 5*s, -3*s = 5*v - 148. Calculate the greatest common divisor of 48 and v.
16
Suppose 2*b + 2*b = 4*h + 132, 0 = -3*b + 2*h + 97. Let t = b + -28. Let u = 52 + -31. What is the greatest common factor of u and t?
3
Suppose -4*p + 5 = -19. What is the highest common divisor of p and 6?
6
Suppose 0 = -63*j + 61*j + 74. Calculate the greatest common factor of j and 74.
37
Let g(d) = -16*d - 68. Let h be g(-9). Calculate the greatest common divisor of h and 114.
38
Let x(n) = -6*n**3 + 2*n**2 - n + 4. Let t be x(-3). Let u = -53 + 25. Let w be (-2)/7 - 484/u. What is the greatest common factor of w and t?
17
Let o(n) = 18*n**2 - 1. Let g be o(1). What is the highest common factor of g and 17?
17
Suppose -8 = -y - 3*y. Suppose -2*t = -3*w + 174, 3*t + 7 = -y. What is the highest common divisor of 14 and w?
14
Let z(c) = 10*c**2 + 3*c - 2. Let q be z(1). Suppose -3*h - 2*o = -301, o + 3*o + 487 = 5*h. What is the highest common factor of q and h?
11
Suppose -4 = -y - 2*z, -2*z + 15 = -5*z. Let v = 3 + -4. Let i be (-212)/(-6) - v/(-3). Calculate the greatest common divisor of y and i.
7
Let r(o) = 55*o. Let t be r(1). Let d(l) = l**3 - 7*l**2 - 9*l + 11. Let a be d(8). Suppose -4*v + 22 = -a*v. What is the highest common divisor of t and v?
11
Suppose 5*n = 2*o - 7*o + 50, -5*n = o - 30. Suppose -3*g - 3*v = -11 - 4, -4*v = -g - o. Suppose 20 = 2*k + g*k. What is the greatest common factor of 6 and k?
2
Suppose -2*d - 5 + 1 = 0, -5*o - 5*d + 415 = 0. Calculate the highest common divisor of o and 34.
17
Let w be (253/(-44))/((-1)/8). Suppose 2*r = 64 - 18. What is the greatest common factor of r and w?
23
Suppose -2*n + 28 = 2*n. Let j be (-10)/14 + (-2)/n. Let l be 0 + j + 1 + 6. Calculate the greatest common factor of l and 48.
6
Let d be (27/(-12))/((-1)/44). What is the greatest common divisor of 11 and d?
11
Suppose -t = 2*u - 15, 2*u = -2*t + 6*u + 14. Suppose -y - 14 = -3*y. Let r = y - 6. What is the greatest common divisor of r and t?
1
Suppose -19*v = -16*v - 18. Calculate the greatest common factor of 42 and v.
6
Let x(l) = l. Let n(a) = 1. Let j(v) = 3*n(v) - x(v). Let m be j(-9). Calculate the greatest common factor of m and 30.
6
Let x(c) = 4*c + 6. Let h be x(-5). Let j = h - -23. What is the greatest common factor of 72 and j?
9
Suppose -12*p + 86 = -94. Suppose 3*f = y - 18, -3*y = y - 4*f - 32. Calculate the highest common factor of p and y.
3
Let f = -20 + 28. Let g(c) = -5*c**2 - 6*c. Let d be g(5). Let z = d - -243. What is the greatest common factor of f and z?
8
Let j = -21 + 54. Let n be j/2*(-2)/(-3). Calculate the greatest common divisor of n and 44.
11
Suppose 19*m - 110 = 14*m. Suppose 2*l - m = -2*g - 0*l, 0 = 2*g + l - 19. Calculate the greatest common divisor of g and 16.
8
Let b = 142 - 103. What is the highest common divisor of 65 and b?
13
Let s = 10 - 7. Suppose -s*q - 1 - 3 = -2*z, 2*q - 6 = -3*z. Suppose 3*a = 4*h + 148, -5*a - 2*h + 161 + 51 = q. What is the highest common factor of a and 4?
4
Suppose 0 = n + 5*s - 45, -2*n - 2*s + 45 = -s. Calculate the greatest common factor of n and 4.
4
Suppose -5*y = -3*q + 12, 18 = -q + 2*q + 3*y. Suppose -6*x + 3*x = -q. What is the greatest common factor of 9 and x?
3
Let h = 1 - -2. Let w be ((-42)/h)/(-2) + -3. What is the highest common divisor of w and 28?
4
Suppose 0 = -u - 5*x + 205, 4 = 4*x - 5*x. Suppose -4*j + u = 5*p, -3*p - 55 = -j - 4*p. What is the greatest common factor of j and 10?
10
Suppose 0 = -2*i + 4*i - 12. Calculate the highest common divisor of i and 18.
6
Let d(a) = a**2 - 15*a + 7. Let z(w) = 4*w - 2. Let k(h) = 6*d(h) + 22*z(h). Let n be k(2). Calculate the greatest common divisor of 144 and n.
18
Suppose 0*k = 3*k - 48. Let g be 1 - (-525)/(6 + -3). Calculate the greatest common divisor of k and g.
16
Let c = 185 + -74. Suppose -l = -t - 0*l + c, 4*t = l + 447. Suppose 0 = -2*a - k - 3 + 29, k = -2. What is the highest common divisor of t and a?
14
Suppose 3*l = 49 - 43. Suppose -125 = -5*j - 5*d, -5*d = -3*j - 0*d + 51. What is the highest common divisor of j and l?
2
Suppose 0 = -4*m + m + 216. What is the highest common divisor of m and 18?
18
Suppose 10 = -2*q + k, 0 = -2*k - 2 + 6. Let h be 74 - (0 - 2 - q). What is the highest common factor of 48 and h?
24
Suppose 41 = 3*v - 37. Suppose a = 2*m - 3*m + 11, -4*m = -a + v. Calculate the highest common divisor of a and 70.
14
Let h be 648/(-63) - 4/(-14). Let m = h + -2. Let c be 6/m - (-17)/2. Calculate the greatest common divisor of c and 8.
8
Suppose -90*z + 94*z - 60 = 0. What is the highest common divisor of z and 135?
15
Suppose -1 = 5*q - 11. Let b(y) = -y + 3 + 3 - 2. Let s be b(q). Calculate the highest common factor of s and 5.
1
Let r(i) = i**2 - i. Let t be r(6). Let q(k) = k**3 - k**2 + 5*k - 1. Let j be q(6). Suppose 4*z - 91 = j. What is the greatest common factor of t and z?
15
Let c = -134 + 161. Calculate the highest common divisor of 45 and c.
9
Let a be (-44 - 0)*(-15)/12. Let l = 28 + -17. Calculate the greatest common factor of a and l.
11
Suppose -3*m - 2*m = -3*u - 210, -m + 5*u = -20. Suppose 74 = 5*i - 1. Let v = 3 + i. What is the highest common divisor of m and v?
9
Let n(c) = -3*c + 1. Let y be n(-1). Suppose -y*i = -3*x + 33 + 23, -5*x + 99 = -i. Calculate the highest common factor of 10 and x.
10
Suppose 12 = 5*u - 8. Let l = 2 + u. Let j(m) = -m**3 + 8*m**2 + 7*m + 4. Let v be j(8). Calculate the greatest common factor of v and l.
6
Let d(n) = 14*n - 10. Let u be d(5). What is the highest common factor of u and 12?
12
Let r = 1 + 3. Suppose 3*z + 182 = o - z, z = r. What is the highest common factor of 18 and o?
18
Let t be